{"id":24312,"date":"2025-08-22T20:49:12","date_gmt":"2025-08-22T17:49:12","guid":{"rendered":"https:\/\/www.basarreklam.com\/?page_id=24312"},"modified":"2025-09-08T16:05:56","modified_gmt":"2025-09-08T13:05:56","slug":"aliminyumurunler","status":"publish","type":"page","link":"https:\/\/www.basarreklam.com\/index.php\/aliminyumurunler\/","title":{"rendered":"Aliminyum \u00dcr\u00fcnler"},"content":{"rendered":"\t\t<div data-elementor-type=\"wp-page\" data-elementor-id=\"24312\" class=\"elementor elementor-24312\" data-elementor-post-type=\"page\">\n\t\t\t\t<div class=\"elementor-element elementor-element-188b42b e-flex e-con-boxed e-con e-parent\" data-id=\"188b42b\" data-element_type=\"container\">\n\t\t\t\t\t<div class=\"e-con-inner\">\n\t\t\t\t<div class=\"elementor-element elementor-element-61721cf elementor-widget elementor-widget-tts\" data-id=\"61721cf\" data-element_type=\"widget\" data-widget_type=\"tts.default\">\n\t\t\t\t<div class=\"elementor-widget-container\">\n\t\t\t\t\t\t\t\t\t\t<!-- title center -->\n\t\t\t\t\t<div class=\"tts text-center\">\n\t\t\t\t\t\t<div class=\"ttin\">\n\n\t\t\t\t\t\t\t<!-- icon position -->\n\t\t\t\t\t\t\t\t\t\t\t\t\t\t\n\t\t\t\t\t\t\t<!-- image -->\n\t\t\t\t\t\t\t\t\t\t\t\t\t\t<!-- icon -->\n\t\t\t\t\t\t\t\t\t\t\t\t\t\t\n\t\t\t\t\t\t\t<!-- bar -->\n\t\t\t\t\t\t\t\t\t\t\t\t\t\t<!-- circle bar -->\n\t\t\t\t\t\t\t\n\t\t\t\t\t\t\t\t\n\t\t\t\t\t\t\t<!-- end icon position -->\n\t\t\t\t\t\t\t\t\t\t\t\t\t\n\t\t\t\t\t\t\t<!-- title top -->\n\t\t\t\t\t\t\t\n\n\t\t\t\t\t\t\t<!-- icon position -->\n\t\t\t\t\t\t\t\t\n\t\t\t\t\t\t\t<!-- end icon position -->\n\t\t\t\t\t\t\t\n\t\t\t\t\t\t\t<!-- title middle -->\n\t\t\t\t\t\t\t\t\t\t\t\t\t\t\t<h2 class=\"txbdstitle sttwo hlight\">Al\u00fcminyum Profiller<\/h2>\n\t\t\t\t\t\t\t\t\t\t\t\t\t\t<!-- title bottom -->\n\t\t\t\t\t\t\t\n\t\t\t\t\t\t\t\t\n\t\t\t\t\t\t\t\n\t\t\t\t\t\t\t<!-- content -->\n\t\t\t\t\t\t\t\t\t\t\t\t\t\t\n\t\t\t\t\t\t<\/div>\n\t\t\t\t\t\t\t<!-- inner title -->\n\t\t\t\t\t\t\t\t\t\t\t\t\t\n\t\t\t\t\t<\/div>\n\n\t\t\t\t\t\t\t\t<\/div>\n\t\t\t\t<\/div>\n\t\t\t\t\t<\/div>\n\t\t\t\t<\/div>\n\t\t\t\t<section class=\"elementor-section elementor-top-section elementor-element elementor-element-f03687a elementor-section-boxed elementor-section-height-default elementor-section-height-default\" data-id=\"f03687a\" data-element_type=\"section\">\n\t\t\t\t\t\t<div class=\"elementor-container elementor-column-gap-default\">\n\t\t\t\t\t<div class=\"elementor-column elementor-col-100 elementor-top-column elementor-element elementor-element-5fe3dd8\" data-id=\"5fe3dd8\" data-element_type=\"column\">\n\t\t\t<div class=\"elementor-widget-wrap elementor-element-populated\">\n\t\t\t\t\t\t<section class=\"elementor-section elementor-inner-section elementor-element elementor-element-f46f40b elementor-section-boxed elementor-section-height-default elementor-section-height-default\" data-id=\"f46f40b\" data-element_type=\"section\">\n\t\t\t\t\t\t<div class=\"elementor-container elementor-column-gap-default\">\n\t\t\t\t\t<div class=\"elementor-column elementor-col-20 elementor-inner-column elementor-element elementor-element-ef2fc48\" data-id=\"ef2fc48\" data-element_type=\"column\">\n\t\t\t<div class=\"elementor-widget-wrap elementor-element-populated\">\n\t\t\t\t\t\t<div class=\"elementor-element elementor-element-a096d97 elementor-widget elementor-widget-witrservice\" data-id=\"a096d97\" data-element_type=\"widget\" data-widget_type=\"witrservice.default\">\n\t\t\t\t<div class=\"elementor-widget-container\">\n\t\t\t\t\t\t\t<div class=\"txbdsva allcostyle boxsh txbdmb30 text-left  \">\r\n\t\t\t<div class=\"thbdsvthumb\">\r\n\t\t\t\t<img fetchpriority=\"high\" decoding=\"async\" width=\"576\" height=\"1024\" src=\"https:\/\/www.basarreklam.com\/wp-content\/uploads\/2025\/09\/WhatsApp-Gorsel-2025-09-02-saat-11.28.16_e6bb8bd7-576x1024.jpg\" class=\"attachment-large size-large wp-image-26039\" alt=\"\" srcset=\"https:\/\/www.basarreklam.com\/wp-content\/uploads\/2025\/09\/WhatsApp-Gorsel-2025-09-02-saat-11.28.16_e6bb8bd7-576x1024.jpg 576w, https:\/\/www.basarreklam.com\/wp-content\/uploads\/2025\/09\/WhatsApp-Gorsel-2025-09-02-saat-11.28.16_e6bb8bd7-169x300.jpg 169w, https:\/\/www.basarreklam.com\/wp-content\/uploads\/2025\/09\/WhatsApp-Gorsel-2025-09-02-saat-11.28.16_e6bb8bd7-768x1365.jpg 768w, https:\/\/www.basarreklam.com\/wp-content\/uploads\/2025\/09\/WhatsApp-Gorsel-2025-09-02-saat-11.28.16_e6bb8bd7-864x1536.jpg 864w, https:\/\/www.basarreklam.com\/wp-content\/uploads\/2025\/09\/WhatsApp-Gorsel-2025-09-02-saat-11.28.16_e6bb8bd7-600x1067.jpg 600w, https:\/\/www.basarreklam.com\/wp-content\/uploads\/2025\/09\/WhatsApp-Gorsel-2025-09-02-saat-11.28.16_e6bb8bd7.jpg 900w\" sizes=\"(max-width: 576px) 100vw, 576px\" \/>\t\t\t<\/div>\r\n\t\t\t<div class=\"txbdsi boxtexrelative  iconsabsconpd sselect\">\r\n\t\t\t\t<!-- overlay icon -->\r\n\t\t\t\t\t\t\t\t<!-- image icon -->\r\n\t\t\t\t\t\t\t\t\r\n\t\t\t\t<div class=\"txbdcon\">\r\n\t\t\t\t\t\t\t\t\t<h2 class=\"txbdsvtitle txstcolor hlight\">Kompozit birle\u015ftirme H<\/h2>\r\n\t\t\t\t\t\t\t\t\t<p>T\u00fcm ana renk se\u00e7enekleriyle.. <\/p>\r\n\t\t\t\t\t\t\r\n\t\t\t\t\t<div class=\"txbdsvbtn txbdbtnicon\">\r\n\t\t\t\t\t<!-- button -->\t\r\n\t\t\t\t\t\t\t\t\t\t\r\n\t\t\t\t\t<\/div>\r\n\t\t\t\t<\/div>\t\t\t\t\r\n\t\t\t<\/div>\r\n\t\t\r\n\t\t<\/div>\t\t\t\t<\/div>\n\t\t\t\t<\/div>\n\t\t\t\t\t<\/div>\n\t\t<\/div>\n\t\t\t\t<div class=\"elementor-column elementor-col-20 elementor-inner-column elementor-element elementor-element-dd91ff2\" data-id=\"dd91ff2\" data-element_type=\"column\">\n\t\t\t<div class=\"elementor-widget-wrap elementor-element-populated\">\n\t\t\t\t\t\t<div class=\"elementor-element elementor-element-e0650b3 elementor-widget elementor-widget-witrservice\" data-id=\"e0650b3\" data-element_type=\"widget\" data-widget_type=\"witrservice.default\">\n\t\t\t\t<div class=\"elementor-widget-container\">\n\t\t\t\t\t\t\t<div class=\"txbdsva allcostyle boxsh txbdmb30 text-left  \">\r\n\t\t\t<div class=\"thbdsvthumb\">\r\n\t\t\t\t<img decoding=\"async\" width=\"576\" height=\"1024\" src=\"https:\/\/www.basarreklam.com\/wp-content\/uploads\/2025\/09\/WhatsApp-Gorsel-2025-09-02-saat-11.30.41_acc870f3-576x1024.jpg\" class=\"attachment-large size-large wp-image-26038\" alt=\"\" srcset=\"https:\/\/www.basarreklam.com\/wp-content\/uploads\/2025\/09\/WhatsApp-Gorsel-2025-09-02-saat-11.30.41_acc870f3-576x1024.jpg 576w, https:\/\/www.basarreklam.com\/wp-content\/uploads\/2025\/09\/WhatsApp-Gorsel-2025-09-02-saat-11.30.41_acc870f3-169x300.jpg 169w, https:\/\/www.basarreklam.com\/wp-content\/uploads\/2025\/09\/WhatsApp-Gorsel-2025-09-02-saat-11.30.41_acc870f3-768x1365.jpg 768w, https:\/\/www.basarreklam.com\/wp-content\/uploads\/2025\/09\/WhatsApp-Gorsel-2025-09-02-saat-11.30.41_acc870f3-864x1536.jpg 864w, https:\/\/www.basarreklam.com\/wp-content\/uploads\/2025\/09\/WhatsApp-Gorsel-2025-09-02-saat-11.30.41_acc870f3-600x1067.jpg 600w, https:\/\/www.basarreklam.com\/wp-content\/uploads\/2025\/09\/WhatsApp-Gorsel-2025-09-02-saat-11.30.41_acc870f3.jpg 900w\" sizes=\"(max-width: 576px) 100vw, 576px\" \/>\t\t\t<\/div>\r\n\t\t\t<div class=\"txbdsi boxtexrelative  iconsabsconpd sselect\">\r\n\t\t\t\t<!-- overlay icon -->\r\n\t\t\t\t\t\t\t\t<!-- image icon -->\r\n\t\t\t\t\t\t\t\t\r\n\t\t\t\t<div class=\"txbdcon\">\r\n\t\t\t\t\t\t\t\t\t<h2 class=\"txbdsvtitle txstcolor hlight\">5 lik tek taraf lightbox<\/h2>\r\n\t\t\t\t\t\t\t\t\t<p>Siyah ve eloksal renk se\u00e7enekleriyle <\/p>\r\n\t\t\t\t\t\t\r\n\t\t\t\t\t<div class=\"txbdsvbtn txbdbtnicon\">\r\n\t\t\t\t\t<!-- button -->\t\r\n\t\t\t\t\t\t\t\t\t\t\r\n\t\t\t\t\t<\/div>\r\n\t\t\t\t<\/div>\t\t\t\t\r\n\t\t\t<\/div>\r\n\t\t\r\n\t\t<\/div>\t\t\t\t<\/div>\n\t\t\t\t<\/div>\n\t\t\t\t\t<\/div>\n\t\t<\/div>\n\t\t\t\t<div class=\"elementor-column elementor-col-20 elementor-inner-column elementor-element elementor-element-06fd2a7\" data-id=\"06fd2a7\" data-element_type=\"column\">\n\t\t\t<div class=\"elementor-widget-wrap elementor-element-populated\">\n\t\t\t\t\t\t<div class=\"elementor-element elementor-element-d2f9a46 elementor-widget elementor-widget-witrservice\" data-id=\"d2f9a46\" data-element_type=\"widget\" data-widget_type=\"witrservice.default\">\n\t\t\t\t<div class=\"elementor-widget-container\">\n\t\t\t\t\t\t\t<div class=\"txbdsva allcostyle boxsh txbdmb30 text-left  \">\r\n\t\t\t<div class=\"thbdsvthumb\">\r\n\t\t\t\t<img decoding=\"async\" width=\"576\" height=\"1024\" src=\"https:\/\/www.basarreklam.com\/wp-content\/uploads\/2025\/09\/WhatsApp-Gorsel-2025-09-02-saat-11.30.22_42609663-576x1024.jpg\" class=\"attachment-large size-large wp-image-26037\" alt=\"\" srcset=\"https:\/\/www.basarreklam.com\/wp-content\/uploads\/2025\/09\/WhatsApp-Gorsel-2025-09-02-saat-11.30.22_42609663-576x1024.jpg 576w, https:\/\/www.basarreklam.com\/wp-content\/uploads\/2025\/09\/WhatsApp-Gorsel-2025-09-02-saat-11.30.22_42609663-169x300.jpg 169w, https:\/\/www.basarreklam.com\/wp-content\/uploads\/2025\/09\/WhatsApp-Gorsel-2025-09-02-saat-11.30.22_42609663-768x1365.jpg 768w, https:\/\/www.basarreklam.com\/wp-content\/uploads\/2025\/09\/WhatsApp-Gorsel-2025-09-02-saat-11.30.22_42609663-864x1536.jpg 864w, https:\/\/www.basarreklam.com\/wp-content\/uploads\/2025\/09\/WhatsApp-Gorsel-2025-09-02-saat-11.30.22_42609663-600x1067.jpg 600w, https:\/\/www.basarreklam.com\/wp-content\/uploads\/2025\/09\/WhatsApp-Gorsel-2025-09-02-saat-11.30.22_42609663.jpg 900w\" sizes=\"(max-width: 576px) 100vw, 576px\" \/>\t\t\t<\/div>\r\n\t\t\t<div class=\"txbdsi boxtexrelative  iconsabsconpd sselect\">\r\n\t\t\t\t<!-- overlay icon -->\r\n\t\t\t\t\t\t\t\t<!-- image icon -->\r\n\t\t\t\t\t\t\t\t\r\n\t\t\t\t<div class=\"txbdcon\">\r\n\t\t\t\t\t\t\t\t\t<h2 class=\"txbdsvtitle txstcolor hlight\">8'lik Tek tarafl\u0131 lightbox<\/h2>\r\n\t\t\t\t\t\t\t\t\t<p>Siyah ve eloksal renk se\u00e7enekleriyle <\/p>\r\n\t\t\t\t\t\t\r\n\t\t\t\t\t<div class=\"txbdsvbtn txbdbtnicon\">\r\n\t\t\t\t\t<!-- button -->\t\r\n\t\t\t\t\t\t\t\t\t\t\r\n\t\t\t\t\t<\/div>\r\n\t\t\t\t<\/div>\t\t\t\t\r\n\t\t\t<\/div>\r\n\t\t\r\n\t\t<\/div>\t\t\t\t<\/div>\n\t\t\t\t<\/div>\n\t\t\t\t\t<\/div>\n\t\t<\/div>\n\t\t\t\t<div class=\"elementor-column elementor-col-20 elementor-inner-column elementor-element elementor-element-c48ab3c\" data-id=\"c48ab3c\" data-element_type=\"column\">\n\t\t\t<div class=\"elementor-widget-wrap elementor-element-populated\">\n\t\t\t\t\t\t<div class=\"elementor-element elementor-element-ee1766b elementor-widget elementor-widget-witrservice\" data-id=\"ee1766b\" data-element_type=\"widget\" data-widget_type=\"witrservice.default\">\n\t\t\t\t<div class=\"elementor-widget-container\">\n\t\t\t\t\t\t\t<div class=\"txbdsva allcostyle boxsh txbdmb30 text-left  \">\r\n\t\t\t<div class=\"thbdsvthumb\">\r\n\t\t\t\t<img loading=\"lazy\" decoding=\"async\" width=\"576\" height=\"1024\" src=\"https:\/\/www.basarreklam.com\/wp-content\/uploads\/2025\/09\/111WhatsApp-Gorsel-2025-09-02-saat-11.29.44_cf6e1d3c-576x1024.jpg\" class=\"attachment-large size-large wp-image-26101\" alt=\"\" srcset=\"https:\/\/www.basarreklam.com\/wp-content\/uploads\/2025\/09\/111WhatsApp-Gorsel-2025-09-02-saat-11.29.44_cf6e1d3c-576x1024.jpg 576w, https:\/\/www.basarreklam.com\/wp-content\/uploads\/2025\/09\/111WhatsApp-Gorsel-2025-09-02-saat-11.29.44_cf6e1d3c-169x300.jpg 169w, https:\/\/www.basarreklam.com\/wp-content\/uploads\/2025\/09\/111WhatsApp-Gorsel-2025-09-02-saat-11.29.44_cf6e1d3c-768x1365.jpg 768w, https:\/\/www.basarreklam.com\/wp-content\/uploads\/2025\/09\/111WhatsApp-Gorsel-2025-09-02-saat-11.29.44_cf6e1d3c-864x1536.jpg 864w, https:\/\/www.basarreklam.com\/wp-content\/uploads\/2025\/09\/111WhatsApp-Gorsel-2025-09-02-saat-11.29.44_cf6e1d3c-600x1067.jpg 600w, https:\/\/www.basarreklam.com\/wp-content\/uploads\/2025\/09\/111WhatsApp-Gorsel-2025-09-02-saat-11.29.44_cf6e1d3c.jpg 900w\" sizes=\"(max-width: 576px) 100vw, 576px\" \/>\t\t\t<\/div>\r\n\t\t\t<div class=\"txbdsi boxtexrelative  iconsabsconpd sselect\">\r\n\t\t\t\t<!-- overlay icon -->\r\n\t\t\t\t\t\t\t\t<!-- image icon -->\r\n\t\t\t\t\t\t\t\t\r\n\t\t\t\t<div class=\"txbdcon\">\r\n\t\t\t\t\t\t\t\t\t<h2 class=\"txbdsvtitle txstcolor hlight\">10 luk \u00e7ift tarafl\u0131 lightbox<\/h2>\r\n\t\t\t\t\t\t\t\t\t<p>Siyah ve eloksal renk se\u00e7enekleriyle <\/p>\r\n\t\t\t\t\t\t\r\n\t\t\t\t\t<div class=\"txbdsvbtn txbdbtnicon\">\r\n\t\t\t\t\t<!-- button -->\t\r\n\t\t\t\t\t\t\t\t\t\t\r\n\t\t\t\t\t<\/div>\r\n\t\t\t\t<\/div>\t\t\t\t\r\n\t\t\t<\/div>\r\n\t\t\r\n\t\t<\/div>\t\t\t\t<\/div>\n\t\t\t\t<\/div>\n\t\t\t\t\t<\/div>\n\t\t<\/div>\n\t\t\t\t<div class=\"elementor-column elementor-col-20 elementor-inner-column elementor-element elementor-element-e4b0ec6\" data-id=\"e4b0ec6\" data-element_type=\"column\">\n\t\t\t<div class=\"elementor-widget-wrap elementor-element-populated\">\n\t\t\t\t\t\t<div class=\"elementor-element elementor-element-effa75b elementor-widget elementor-widget-witrservice\" data-id=\"effa75b\" data-element_type=\"widget\" data-widget_type=\"witrservice.default\">\n\t\t\t\t<div class=\"elementor-widget-container\">\n\t\t\t\t\t\t\t<div class=\"txbdsva allcostyle boxsh txbdmb30 text-left  \">\r\n\t\t\t<div class=\"thbdsvthumb\">\r\n\t\t\t\t<img loading=\"lazy\" decoding=\"async\" width=\"768\" height=\"1365\" src=\"https:\/\/www.basarreklam.com\/wp-content\/uploads\/2025\/09\/ec116a61-0c7c-42e1-933a-2b923c61-2-768x1365.jpg\" class=\"attachment-medium_large size-medium_large wp-image-27787\" alt=\"\" srcset=\"https:\/\/www.basarreklam.com\/wp-content\/uploads\/2025\/09\/ec116a61-0c7c-42e1-933a-2b923c61-2-768x1365.jpg 768w, https:\/\/www.basarreklam.com\/wp-content\/uploads\/2025\/09\/ec116a61-0c7c-42e1-933a-2b923c61-2-169x300.jpg 169w, https:\/\/www.basarreklam.com\/wp-content\/uploads\/2025\/09\/ec116a61-0c7c-42e1-933a-2b923c61-2-576x1024.jpg 576w, https:\/\/www.basarreklam.com\/wp-content\/uploads\/2025\/09\/ec116a61-0c7c-42e1-933a-2b923c61-2-864x1536.jpg 864w, https:\/\/www.basarreklam.com\/wp-content\/uploads\/2025\/09\/ec116a61-0c7c-42e1-933a-2b923c61-2-600x1067.jpg 600w, https:\/\/www.basarreklam.com\/wp-content\/uploads\/2025\/09\/ec116a61-0c7c-42e1-933a-2b923c61-2.jpg 900w\" sizes=\"(max-width: 768px) 100vw, 768px\" \/>\t\t\t<\/div>\r\n\t\t\t<div class=\"txbdsi boxtexrelative  iconsabsconpd sselect\">\r\n\t\t\t\t<!-- overlay icon -->\r\n\t\t\t\t\t\t\t\t<!-- image icon -->\r\n\t\t\t\t\t\t\t\t\r\n\t\t\t\t<div class=\"txbdcon\">\r\n\t\t\t\t\t\t\t\t\t<h2 class=\"txbdsvtitle txstcolor hlight\">8'lik \u00c7ift tarafl\u0131 lightbox<\/h2>\r\n\t\t\t\t\t\t\t\t\t<p>T\u00fcm ana renk se\u00e7enekleriyle.. <\/p>\r\n\t\t\t\t\t\t\r\n\t\t\t\t\t<div class=\"txbdsvbtn txbdbtnicon\">\r\n\t\t\t\t\t<!-- button -->\t\r\n\t\t\t\t\t\t\t\t\t\t\r\n\t\t\t\t\t<\/div>\r\n\t\t\t\t<\/div>\t\t\t\t\r\n\t\t\t<\/div>\r\n\t\t\r\n\t\t<\/div>\t\t\t\t<\/div>\n\t\t\t\t<\/div>\n\t\t\t\t\t<\/div>\n\t\t<\/div>\n\t\t\t\t\t<\/div>\n\t\t<\/section>\n\t\t\t\t\t<\/div>\n\t\t<\/div>\n\t\t\t\t\t<\/div>\n\t\t<\/section>\n\t\t\t\t<section class=\"elementor-section elementor-top-section elementor-element elementor-element-daee2ea elementor-section-boxed elementor-section-height-default elementor-section-height-default\" data-id=\"daee2ea\" data-element_type=\"section\">\n\t\t\t\t\t\t<div class=\"elementor-container elementor-column-gap-default\">\n\t\t\t\t\t<div class=\"elementor-column elementor-col-100 elementor-top-column elementor-element elementor-element-39cbbca\" data-id=\"39cbbca\" data-element_type=\"column\">\n\t\t\t<div class=\"elementor-widget-wrap elementor-element-populated\">\n\t\t\t\t\t\t<section class=\"elementor-section elementor-inner-section elementor-element elementor-element-2f994f9 elementor-section-boxed elementor-section-height-default elementor-section-height-default\" data-id=\"2f994f9\" data-element_type=\"section\">\n\t\t\t\t\t\t<div class=\"elementor-container elementor-column-gap-default\">\n\t\t\t\t\t<div class=\"elementor-column elementor-col-20 elementor-inner-column elementor-element elementor-element-ba7e475\" data-id=\"ba7e475\" data-element_type=\"column\">\n\t\t\t<div class=\"elementor-widget-wrap elementor-element-populated\">\n\t\t\t\t\t\t<div class=\"elementor-element elementor-element-cd3c5eb elementor-widget elementor-widget-witrservice\" data-id=\"cd3c5eb\" data-element_type=\"widget\" data-widget_type=\"witrservice.default\">\n\t\t\t\t<div class=\"elementor-widget-container\">\n\t\t\t\t\t\t\t<div class=\"txbdsva allcostyle boxsh txbdmb30 text-left  \">\r\n\t\t\t<div class=\"thbdsvthumb\">\r\n\t\t\t\t<img loading=\"lazy\" decoding=\"async\" width=\"576\" height=\"1024\" src=\"https:\/\/www.basarreklam.com\/wp-content\/uploads\/2025\/09\/WhatsApp-Gorsel-2025-09-08-saat-16.01.13_1b13e121-576x1024.jpg\" class=\"attachment-large size-large wp-image-27797\" alt=\"\" srcset=\"https:\/\/www.basarreklam.com\/wp-content\/uploads\/2025\/09\/WhatsApp-Gorsel-2025-09-08-saat-16.01.13_1b13e121-576x1024.jpg 576w, https:\/\/www.basarreklam.com\/wp-content\/uploads\/2025\/09\/WhatsApp-Gorsel-2025-09-08-saat-16.01.13_1b13e121-169x300.jpg 169w, https:\/\/www.basarreklam.com\/wp-content\/uploads\/2025\/09\/WhatsApp-Gorsel-2025-09-08-saat-16.01.13_1b13e121-768x1365.jpg 768w, https:\/\/www.basarreklam.com\/wp-content\/uploads\/2025\/09\/WhatsApp-Gorsel-2025-09-08-saat-16.01.13_1b13e121-864x1536.jpg 864w, https:\/\/www.basarreklam.com\/wp-content\/uploads\/2025\/09\/WhatsApp-Gorsel-2025-09-08-saat-16.01.13_1b13e121-600x1067.jpg 600w, https:\/\/www.basarreklam.com\/wp-content\/uploads\/2025\/09\/WhatsApp-Gorsel-2025-09-08-saat-16.01.13_1b13e121.jpg 900w\" sizes=\"(max-width: 576px) 100vw, 576px\" \/>\t\t\t<\/div>\r\n\t\t\t<div class=\"txbdsi boxtexrelative  iconsabsconpd sselect\">\r\n\t\t\t\t<!-- overlay icon -->\r\n\t\t\t\t\t\t\t\t<!-- image icon -->\r\n\t\t\t\t\t\t\t\t\r\n\t\t\t\t<div class=\"txbdcon\">\r\n\t\t\t\t\t\t\t\t\t<h2 class=\"txbdsvtitle txstcolor hlight\">Al\u00fcminyum K\u00f6\u015febent<\/h2>\r\n\t\t\t\t\t\t\t\t\t<p>T\u00fcm ana renk se\u00e7enekleriyle.. <\/p>\r\n\t\t\t\t\t\t\r\n\t\t\t\t\t<div class=\"txbdsvbtn txbdbtnicon\">\r\n\t\t\t\t\t<!-- button -->\t\r\n\t\t\t\t\t\t\t\t\t\t\r\n\t\t\t\t\t<\/div>\r\n\t\t\t\t<\/div>\t\t\t\t\r\n\t\t\t<\/div>\r\n\t\t\r\n\t\t<\/div>\t\t\t\t<\/div>\n\t\t\t\t<\/div>\n\t\t\t\t\t<\/div>\n\t\t<\/div>\n\t\t\t\t<div class=\"elementor-column elementor-col-20 elementor-inner-column elementor-element elementor-element-207114a\" data-id=\"207114a\" data-element_type=\"column\">\n\t\t\t<div class=\"elementor-widget-wrap\">\n\t\t\t\t\t\t\t<\/div>\n\t\t<\/div>\n\t\t\t\t<div class=\"elementor-column elementor-col-20 elementor-inner-column elementor-element elementor-element-a7266ed\" data-id=\"a7266ed\" data-element_type=\"column\">\n\t\t\t<div class=\"elementor-widget-wrap\">\n\t\t\t\t\t\t\t<\/div>\n\t\t<\/div>\n\t\t\t\t<div class=\"elementor-column elementor-col-20 elementor-inner-column elementor-element elementor-element-f043f36\" data-id=\"f043f36\" data-element_type=\"column\">\n\t\t\t<div class=\"elementor-widget-wrap\">\n\t\t\t\t\t\t\t<\/div>\n\t\t<\/div>\n\t\t\t\t<div class=\"elementor-column elementor-col-20 elementor-inner-column elementor-element elementor-element-095dc74\" data-id=\"095dc74\" data-element_type=\"column\">\n\t\t\t<div class=\"elementor-widget-wrap\">\n\t\t\t\t\t\t\t<\/div>\n\t\t<\/div>\n\t\t\t\t\t<\/div>\n\t\t<\/section>\n\t\t\t\t\t<\/div>\n\t\t<\/div>\n\t\t\t\t\t<\/div>\n\t\t<\/section>\n\t\t\t\t<\/div>\n\t\t","protected":false},"excerpt":{"rendered":"<p>Al\u00fcminyum Profiller Kompozit birle\u015ftirme H T\u00fcm ana renk se\u00e7enekleriyle.. 5 lik tek taraf lightbox Siyah ve eloksal renk se\u00e7enekleriyle 8&#8217;lik Tek tarafl\u0131 lightbox Siyah ve eloksal renk se\u00e7enekleriyle 10 luk \u00e7ift tarafl\u0131 lightbox Siyah ve eloksal renk se\u00e7enekleriyle 8&#8217;lik \u00c7ift tarafl\u0131 lightbox T\u00fcm ana renk se\u00e7enekleriyle.. Al\u00fcminyum K\u00f6\u015febent T\u00fcm ana renk se\u00e7enekleriyle..<\/p>\n","protected":false},"author":1,"featured_media":0,"parent":0,"menu_order":0,"comment_status":"closed","ping_status":"closed","template":"","meta":{"footnotes":""},"class_list":["post-24312","page","type-page","status-publish","hentry"],"_links":{"self":[{"href":"https:\/\/www.basarreklam.com\/index.php\/wp-json\/wp\/v2\/pages\/24312","targetHints":{"allow":["GET"]}}],"collection":[{"href":"https:\/\/www.basarreklam.com\/index.php\/wp-json\/wp\/v2\/pages"}],"about":[{"href":"https:\/\/www.basarreklam.com\/index.php\/wp-json\/wp\/v2\/types\/page"}],"author":[{"embeddable":true,"href":"https:\/\/www.basarreklam.com\/index.php\/wp-json\/wp\/v2\/users\/1"}],"replies":[{"embeddable":true,"href":"https:\/\/www.basarreklam.com\/index.php\/wp-json\/wp\/v2\/comments?post=24312"}],"version-history":[{"count":15,"href":"https:\/\/www.basarreklam.com\/index.php\/wp-json\/wp\/v2\/pages\/24312\/revisions"}],"predecessor-version":[{"id":27801,"href":"https:\/\/www.basarreklam.com\/index.php\/wp-json\/wp\/v2\/pages\/24312\/revisions\/27801"}],"wp:attachment":[{"href":"https:\/\/www.basarreklam.com\/index.php\/wp-json\/wp\/v2\/media?parent=24312"}],"curies":[{"name":"wp","href":"https:\/\/api.w.org\/{rel}","templated":true}]}}